7152472907 composite?
False
Is 3998778517 a composite number?
False
Is 19697883713 a prime number?
False
Is 11214852851 composite?
False
Is 8799438041 a prime number?
False
Is 43617805841 a prime number?
False
Is 17465619371 a prime number?
True
Is 1958799793 a prime number?
False
Is 391791086 a composite number?
True
Is 18871401397 composite?
False
Is 1443317113 composite?
True
Is 232344272231 prime?
True
Is 25674488643 prime?
False
Is 3143533123 composite?
True
Is 60396527891 prime?
False
Is 2513857907 composite?
True
Is 154816498553 prime?
False
Is 534768271 composite?
True
Is 5155938862 composite?
True
Is 3212298413 prime?
True
Is 16091306641 composite?
True
Is 313697729 prime?
False
Is 90716827 prime?
True
Is 445054697 a composite number?
True
Is 3034331653 a composite number?
False
Is 1067076221 a prime number?
True
Is 657235661 prime?
True
Is 64934648161 a prime number?
True
Is 25696784291 composite?
True
Is 64139447959 composite?
False
Is 7131268691 composite?
True
Is 793342229 a prime number?
False
Is 126165441 a prime number?
False
Is 1540131617 prime?
True
Is 1392577517 composite?
True
Is 186678600157 a prime number?
False
Is 506422779 a prime number?
False
Is 51762959827 composite?
False
Is 24092671423 a composite number?
True
Is 302665931 a prime number?
True
Is 77691939947 composite?
False
Is 20599391641 composite?
True
Is 13387877301 prime?
False
Is 39237043 a prime number?
True
Is 234964745 prime?
False
Is 5275251497 prime?
False
Is 2633642677 composite?
False
Is 3639609635 a prime number?
False
Is 194599931 composite?
False
Is 28757539021 prime?
False
Is 310942243 a prime number?
False
Is 7871020117 a composite number?
False
Is 1030617131 a prime number?
True
Is 183446171 a composite number?
False
Is 505271603 prime?
False
Is 1623318709 composite?
False
Is 41463838265 a prime number?
False
Is 1658655311 a prime number?
True
Is 3619224335 composite?
True
Is 34590839717 prime?
False
Is 536964773 a composite number?
False
Is 38947943 a prime number?
True
Is 4910347957 a composite number?
False
Is 2635332257 a composite number?
False
Is 116691660227 a prime number?
False
Is 1356743387 composite?
True
Is 831094459 a prime number?
False
Is 4193514331 composite?
True
Is 45300370289 composite?
False
Is 1345687415 a composite number?
True
Is 47439283453 a prime number?
True
Is 3072821429 composite?
True
Is 62719711 composite?
False
Is 1850605535 a composite number?
True
Is 48013061 a prime number?
False
Is 2174792871 prime?
False
Is 24536159863 prime?
False
Is 2220216701 composite?
False
Is 5078483603 prime?
True
Is 141001923759 prime?
False
Is 648427961 composite?
True
Is 12216162643 a prime number?
False
Is 83352401 prime?
False
Is 583830391 prime?
False
Is 1180270283 composite?
False
Is 16521300593 prime?
False
Is 9611003119 composite?
False
Is 17593109263 composite?
False
Is 215288285969 a composite number?
False
Is 22443870623 a composite number?
False
Is 7671823127 a composite number?
True
Is 17689331051 prime?
False
Is 4995274183 a prime number?
True
Is 11815179161 composite?
False
Is 793014637 prime?
True
Is 328825387 composite?
True
Is 712723613 a composite number?
True
Is 111124940371 a prime number?
False
Is 534712463 prime?
True
Is 2802818899 a composite number?
False
Is 730386647 composite?
False
Is 14448132227 a composite number?
True
Is 145952293 prime?
False
Is 890046851 composite?
False
Is 24229027369 a composite number?
False
Is 3872579635 a prime number?
False
Is 3459302398 a composite number?
True
Is 12339737869 prime?
True
Is 4370524981 composite?
False
Is 3814408153 a composite number?
False
Is 79166626349 a prime number?
False
Is 67328455387 composite?
False
Is 92161562641 composite?
False
Is 57375654845 a composite number?
True
Is 3625583321 a prime number?
True
Is 1745359841 prime?
True
Is 3463470811 a prime number?
True
Is 13488477251 composite?
True
Is 971998711 composite?
False
Is 426175523 a composite number?
True
Is 2918482387 prime?
False
Is 8328491599 prime?
True
Is 55897832999 composite?
True
Is 281396861 prime?
True
Is 425134211 prime?
True
Is 18466978517 composite?
True
Is 66559345031 composite?
True
Is 952302823 a prime number?
False
Is 148546208953 composite?
False
Is 657353069 composite?
True
Is 25279095353 composite?
True
Is 373733199341 composite?
False
Is 3045191885 composite?
True
Is 1899597361 a composite number?
False
Is 18815944993 prime?
True
Is 246732167 a prime number?
False
Is 3999625285 a prime number?
False
Is 5435921971 a composite number?
False
Is 10159145938 a composite number?
True
Is 1980019211 composite?
False
Is 42337981643 a composite number?
True
Is 45432941 a composite number?
False
Is 6660972173 a composite number?
True
Is 789865189 composite?
False
Is 3682784983 a composite number?
True
Is 359954879 composite?
False
Is 1183636537 a prime number?
False
Is 692705983 prime?
True
Is 322425304193 prime?
False
Is 11391819031 composite?
False
Is 432873851 prime?
True
Is 690627271 a composite number?
False
Is 813863111 composite?
False
Is 1029319631 composite?
True
Is 763158967 composite?
False
Is 1707207731 a composite number?
False
Is 41669522551 a composite number?
False
Is 3588595763 composite?
True
Is 129696331087 composite?
False
Is 37543481 prime?
True
Is 563101859 a composite number?
False
Is 893516027 a composite number?
True
Is 410106329 a composite number?
True
Is 3377279023 a composite number?
False
Is 438548441 a composite number?
False
Is 6834373669 composite?
False
Is 4313810533 prime?
False
Is 530427467 a composite number?
False
Is 29639926153 composite?
True
Is 791447711 a composite number?
True
Is 5440474513 a prime number?
False
Is 6937999493 prime?
True
Is 1285811621 a prime number?
True
Is 14398852189 composite?
True
Is 57349374941 a composite number?
False
Is 388880293 prime?
True
Is 93127463014 a composite number?
True
Is 35794991 prime?
True
Is 1792331999 prime?
True
Is 35241224477 a composite number?
False
Is 36357824249 composite?
True
Is 34987894001 prime?
True
Is 70548843163 a prime number?
True
Is 16079179297 a prime number?
False
Is 20777205233 a composite number?
False
Is 6060217017 prime?
False
Is 2727582023 a composite number?
False
Is 4596774239 a composite number?
False
Is 139721645299 composite?
False
Is 3451981983 prime?
False
Is 49063588841 prime?
True
Is 706459813 composite?
True
Is 932721241 a composite number?
True
Is 617779763 prime?
False
Is 1127773351 prime?
False
Is 21151809817 a prime number?
True
Is 45248019673 prime?
False
Is 4950212323 prime?
False
Is 7301939911 a prime number?
False
Is 51012010123 composite?
False
Is 2573436441 composite?
True
Is 105748061 a prime number?
False
Is 4411916191 prime?
False
Is 237349703 a prime number?
False
Is 164574020337 a prime number?
False
Is 39332609917 composite?
True
Is 1302328529 a composite number?
False
Is 117046613 a prime number?
True
Is 7582632509 a prime number?
False
Is 457445063 a prime number?
True
Is 2536798189 composite?
False
Is 8993123767 a prime number?
False
Is 9641062241 a composite number?
True
Is 9516125239 a composite number?
False
Is 12940715071 prime?
True
Is 311147621 a composite number?
False
Is 45258743003 prime?
False
Is 6131865901 a composite number?
True
Is 3134703379 composite?
True
Is 42341038199 a composite number?
False
Is 114623213717 prime?
False
Is 1308177623 prime?
True
Is 5003097643 a composite number?
False
Is 1577873591 composite?
True
Is 157084138321 a composite number?
True
Is 12020043457 a composite number?
False
Is 40547029031 a composite number?
False
Is 38512597043 composite?
True
Is 134801057 a composite number?
False
Is 671108689 a composite number?
False
Is 8467799911 prime?
True
Is 14593594679 a composite number?
True
Is 2568073273 prime?
True
Is 4681270765 prime?
False
Is 27126557333 prime?
False
Is 53757533 a composite number?
True
Is 3140716483 a composite number?
False
Is 3348003039 a composite number?
True
Is 840962383 a composite number?
False
Is 2058416003 a composite number?
True
Is 676834927 a composite number?
True
Is 1369576231 a prime number?
True
Is 39902986961 prime?
True
Is 12826859809 a composite number?
True
Is 24720177389 composite?
False
Is 99853102 a prime number?
False
Is 4822398121 a prime number?
True
Is 14499185563 c